e prime factors of (-9)/(-5)*(2 + o).
3
Suppose -2*b + 26 = 2*s, s = -7*b + 2*b + 29. Suppose -3*u = -s, 4*c - 2*u = -7*u + 51. List the prime factors of c.
3
Let y = -3 - -9. Suppose y = 4*t + o - 0, -3*o + 9 = 3*t. List the prime factors of (0 - -14) + t + -2.
13
Suppose 5*m - 84 = 51. List the prime factors of m.
3
What are the prime factors of 2*(-1 - (-57)/6)?
17
Let f(p) = -2*p - 4. Let x be f(-3). Suppose -x*g + 28 = 3*w + 9, -40 = -4*g - 4*w. What are the prime factors of g?
11
Let i(u) = -u**2 - 2 - 4*u + 2*u + 7*u. What are the prime factors of i(4)?
2
Let z = -33 - -77. List the prime factors of z.
2, 11
Suppose 2*z + 140 = 7*z. List the prime factors of z.
2, 7
What are the prime factors of (-1)/(-2)*(98 - 0)?
7
Suppose y - 2*z = 18, 4*y + 0*z = -5*z + 33. What are the prime factors of y?
2, 3
What are the prime factors of (-1 - 4/4)*-47?
2, 47
Let i(q) = -1 + 1 - q**2 - 1. Let g(p) = 2*p**2 + p + 2. Let d(r) = 6*g(r) + 13*i(r). List the prime factors of d(5).
2
Suppose 0*u - 2*h + 42 = -5*u, -5*u = h + 54. Let o be 196/(-10) - 2/5. List the prime factors of 4/u - 48/o.
2
Suppose -4*z = -2*w + 6, -z = w + w - 26. Let y = w + -9. List the prime factors of y.
2
Suppose 169 = 5*w + 64. What are the prime factors of w?
3, 7
Suppose 3*d - 2*j - 15 = 0, 3*d - 3*j + 0*j = 18. Let c = 4 - 4. Suppose 8*l - d*l - 50 = c. List the prime factors of l.
2, 5
Suppose w + 2*w - 4*d = -42, 5*d = 3*w + 45. What are the prime factors of 9/(-5)*w/2?
3
Let b(t) = t**3 - 6*t**2 + 4*t + 2. Let d be b(5). Let n = -3 - d. Let a = 10 + n. What are the prime factors of a?
2, 5
Suppose -5*q + 2*o = -125 - 3, -q - 2*o = -16. What are the prime factors of q?
2, 3
Suppose 58 = 5*f - 5*h + 13, 8 = -2*h. Let a(m) = -m**2 + 5*m + 3. Let w be a(5). Suppose w*i + i - 44 = -5*j, -4*j + f*i = -27. List the prime factors of j.
2
Let g(x) = x**3 + 4*x**2 - x - 1. Suppose 2*p = 3*c - 11, 3*p = -4*c + 2*c - 10. Let s be g(p). Let r = s + 0. What are the prime factors of r?
3
Let s = 6 + -4. Suppose -4*u + 42 = -s*u. Suppose 3*d = -5*r + u, 3*r + 2*r - 39 = 3*d. List the prime factors of r.
2, 3
Let n(l) = l**3 - 5*l**2 - 14*l + 7. What are the prime factors of n(7)?
7
Let b(o) = o**2 - 12*o + 226. What are the prime factors of b(0)?
2, 113
What are the prime factors of (15/(-24)*6)/((-2)/48)?
2, 3, 5
Let w(a) = -a - 3. Let n be w(5). Let s = -9 - n. List the prime factors of 1 - s - (-13 + -2).
17
Let i be (-4)/18 + (-2)/(-9). Let n = -91 + 96. Let l = n + i. What are the prime factors of l?
5
Let o = -2 - -26. Let z = o - 17. List the prime factors of z.
7
Suppose u - 4*u = 0. Suppose -2*v = -v + i - 27, -5*i = u. List the prime factors of v.
3
Let m(z) = -z**2 + 8*z - 11. Let f be m(8). Suppose 0 = 4*u - 67 - 13. Let h = u + f. What are the prime factors of h?
3
Suppose -r + 5*r + 2*k = 270, r - 75 = k. List the prime factors of r.
2, 5, 7
Let n be ((-30)/21)/(4/(-28)). What are the prime factors of (4/n)/(2/215)?
43
Let v = -10 + 6. Let q be (-246)/(-78) + v/26. Suppose -6 = -q*z + z. What are the prime factors of z?
3
Let k = 7 + -7. Suppose k = 4*j - 26 - 10. List the prime factors of j.
3
Let n(l) = -86*l - 4. Let k be n(-2). Suppose -4*z + 56 = -k. What are the prime factors of z?
2, 7
Let t be 91 + -5 + 5 + -3. Suppose 8*w = 4*w + t. What are the prime factors of w?
2, 11
Let i(p) = -p**2 + 9*p + 12. Let q(d) = d**2 + d - 2. Let j be q(-4). Let m be i(j). Let s(n) = 5*n + 2. List the prime factors of s(m).
2, 3
Let p be (5 - 3) + (-1)/(-1). Suppose -y - y + 21 = -p*v, -2*y - 9 = 3*v. Suppose -q + y + 0 = 0. What are the prime factors of q?
3
Let i be (-3)/(-4) - (-3)/(-4). Suppose 3*c - 26 - 16 = i. List the prime factors of c.
2, 7
Let a = -38 - -60. What are the prime factors of a?
2, 11
List the prime factors of 2 - 2 - (5 + -10).
5
Let p(l) be the first derivative of l**4/4 + 4*l - 3. Let a be p(0). Suppose 0 = 4*q - a*n - 35 + 7, 0 = -4*q + 3*n + 23. What are the prime factors of q?
2
Let r = -4 - 0. Let f be ((-2)/r)/(2/(-40)). Let m(t) = t**2 + 11*t + 12. What are the prime factors of m(f)?
2
Let v be (-378)/(-49) - (-4)/14. Let w = -2 + v. What are the prime factors of w?
2, 3
Suppose a = -1 - 10. List the prime factors of (-2)/11 - 299/a.
3
Let b be -1*(-5)/(5/2). Let k be 3 - 1 - b*1. Suppose 0*a + 2*r = -3*a + 19, k = 5*a - 3*r - 19. What are the prime factors of a?
5
Let r be -14*(-1)/(-8)*4. What are the prime factors of (-2)/(-1) - (-11 + r)?
2, 5
Let u(p) = -27*p**3 + p + 1. List the prime factors of u(-1).
3
Suppose 0 = k - 5*q - 161, 2*k - 340 = -5*q + 6*q. Suppose 4*r = 3*r + k. Suppose -5*x - 61 + r = 0. List the prime factors of x.
2, 11
Suppose u + 2*l = 0, -5*u - 2*l + 12 - 4 = 0. List the prime factors of u.
2
Let u be (-6)/(-4)*8/6. Suppose 14 - u = -3*k. Let o = k + 12. List the prime factors of o.
2
Let p(s) be the second derivative of s**3/2 - 7*s**2/2 - 2*s. Suppose 2*b = 8, 4*t + 38 = 9*t + 2*b. What are the prime factors of p(t)?
11
List the prime factors of 2/(-9) + 1606*6/108.
89
Suppose j - 6*j + 15 = 0. Let d(s) = 3*s**2 - 3*s - 2. List the prime factors of d(j).
2
List the prime factors of 2/(-3) + 148/6.
2, 3
Let p(i) = -4*i**3 - 6*i**2 - 4*i - 7. What are the prime factors of p(-4)?
13
Suppose 2*z - 14 = -3*m + 17, -1 = m - 5*z. What are the prime factors of m?
3
Suppose -5*w - 93 = -g - 362, 0 = 2*w - 5*g - 103. List the prime factors of w.
2, 3
Let f be 160/(-12)*24/20. Suppose x + 4*x = 3*c - 130, -25 = -5*c. Let i = f - x. What are the prime factors of i?
7
Let i(s) be the second derivative of 5*s**3/3 - 3*s**2/2 + 5*s. What are the prime factors of i(2)?
17
Let d be (78/9)/(2/15). Suppose 0 = 5*m - y - d, m = -0*m - 4*y - 8. What are the prime factors of m?
2, 3
Let g = -12 - 49. Let v = g - -112. List the prime factors of v.
3, 17
Let f = -7 + 30. What are the prime factors of f?
23
Suppose 8*i - 50 = 3*i. Let o = 42 + i. Suppose 7 = -5*q + o. What are the prime factors of q?
3
Let u be ((-88)/6)/(3/(-9)). Let p be (-3)/9 - u/(-6). Suppose 0 = 4*g - p - 1. What are the prime factors of g?
2
Let b(g) = g + 11. Let i be b(-8). Suppose -i*f = -2*y + 33, -y - 2*f + 3*f = -15. List the prime factors of y.
2, 3
Let m(b) be the first derivative of -2*b - 1/2*b**2 + 4/3*b**3 + 1/4*b**4 - 2. List the prime factors of m(-3).
2, 5
Let y = -1 + 4. Suppose -11*u + 104 = -7*u. Suppose -41 = -3*t + 4*d, t - y*t = -2*d - u. What are the prime factors of t?
11
Let v(p) = 29*p + 63. What are the prime factors of v(7)?
2, 7, 19
Suppose -26 = -5*g + 109. List the prime factors of g.
3
Let j(p) = -p**3 + 3*p**2 + 2*p. Suppose 2*t - 3*t + 11 = 5*l, 1 = -5*l - 4*t. Suppose -l*v = v + 8. What are the prime factors of j(v)?
2
Suppose 4*o - 14 = 46. Let d = 39 - o. What are the prime factors of d?
2, 3
Let z(t) be the first derivative of -4*t**2 - 3. What are the prime factors of z(-1)?
2
Suppose -23 = -3*s + 10. List the prime factors of s.
11
Suppose -248 = -p - 7*p. List the prime factors of p.
31
Let y be -3*8/(-6) + 0. Suppose -y*w = w - 10. What are the prime factors of 11 + (w - 0) - 2?
11
Let p = -134 + 189. List the prime factors of p.
5, 11
Let b be 4/2*10/(-4). Let w(l) = l**3 + 4*l**2 + l + 3. Let s be w(-4). Let j = s - b. List the prime factors of j.
2
Let b(h) = -h + 6. Let z be b(5). Let c(v) = 34*v**3 + v**2 + v - 1. Let w be c(z). What are the prime factors of (26/(-10))/((-7)/w)?
13
List the prime factors of (96/(-2))/1*(-45)/18.
2, 3, 5
Suppose -3*o + 54 = -39. What are the prime factors of o?
31
Suppose -2*h + 3*r - 1 = -17, 5*h = 3*r + 22. Suppose -f = 1, -u = -f - 14 - h. List the prime factors of u.
3, 5
Suppose 0 = -4*r - 13 + 33, u - r + 38 = 0. What are the prime factors of 2 + u/(-1) + 4?
3, 13
Suppose -62 = 2*o - 4*r - 320, 2*r + 264 = 2*o. What are the prime factors of o?
3, 5
Let k(n) = n**3 - 5*n**2 - 5*n - 2. Let v be k(6). Suppose 20 = -v*t, 0*m - 4*m = t + 13. What are the prime factors of (3/(-6))/(m/36)?
3
Let z be 15/(-9*3/(-36)). Let g = 45 - z. What are the prime factors of g?
5
Let h(t) = 31*t**2 + t. Let j be h(-1). Suppose 2*r - 5*r = -j. What are the prime factors of r?
2, 5
Let k(b) = 20*b. What are the prime factors of k(1)?
2, 5
List the prime factors of (-1 - -7) + 5 + -2.
3
Suppose -24 = o - 5*o